the prime factors of (-1)/5*92*65/f?
2, 23
Let u(n) = -n**2 + 18*n + 49. Let f be u(20). Suppose -2*x + 6 = 2*i, 5*i = -3*x + 8 + f. Suppose -i*g = -7*g + 336. What are the prime factors of g?
2, 7
Suppose 214*o + 56238 = 228*o. What are the prime factors of o?
3, 13, 103
Let d(l) = 27*l + 1584. List the prime factors of d(-30).
2, 3, 43
Let l be (28/8)/(6/(-2808)*-6). Let c = 900 - l. What are the prime factors of c?
3, 11, 19
Suppose 0 = -7*g + 4*g + 39. Suppose -4*i + g = 29. List the prime factors of 0 + 2/i - (-114)/12.
3
Let w(s) = 3*s**3 - 37*s**2 + 120*s. What are the prime factors of w(16)?
2, 37
Let y = 20767 + -9081. List the prime factors of y.
2, 5843
Suppose -122*c = -116*c - 6942. Let t = -681 + c. List the prime factors of t.
2, 7, 17
Let r(w) = w**3 + 4*w**2 + 2*w + 6. Let v be r(-4). Let c(q) = -2 - 6 + 3 - 5*q. List the prime factors of c(v).
5
Suppose 0 = 2*o - 8*p - 17436, 2*o + 4*p = 5*p + 17415. What are the prime factors of o?
2, 3, 1451
Let h = -59 + 340. Let l = 628 - h. What are the prime factors of l?
347
Suppose -2*d - r = -27506, 92*d - 88*d - 55002 = 3*r. What are the prime factors of d?
2, 3, 191
Let o be (-234)/(-65) - 2/(-5). Suppose o*i = 3*l + 3728, 0*i + 2*i = -2*l + 1864. What are the prime factors of i?
2, 233
Let s(r) = 14 - 8*r + r**2 - 1 - 2. Let d be s(7). Suppose -2*j = -2*x + x - 92, -d*j = -5*x - 178. What are the prime factors of j?
47
Let k(j) = 3*j**2 - j - 4. Let h be k(2). Suppose 0 = h*f + 2 - 26. Suppose 15 = 5*p, 7*z - f*z + 2*p - 132 = 0. List the prime factors of z.
2, 3, 7
Let d = 28343 - -283. What are the prime factors of d?
2, 3, 13, 367
Let h(l) = -l**2 - 34*l - 41. Let u be h(-31). Suppose 54*p - u*p = 334. What are the prime factors of p?
167
Suppose 5*z = 607 + 2798. Suppose -v = -3*v - 2. What are the prime factors of 2*z/6 + v?
2, 113
Let l(q) = -4*q**2 + 32*q - 25. Let o be l(14). Let g = o + 113. Let m = -125 - g. List the prime factors of m.
3, 41
Suppose -55*s - 1373702 = 45*s - 122*s. What are the prime factors of s?
17, 3673
Suppose 0 = -53*b + 137*b. Let q(w) = 5*w + 101. Let i(z) = -4*z - 101. Let y(r) = -7*i(r) - 6*q(r). List the prime factors of y(b).
101
List the prime factors of 8430681/357 - 84/238.
5, 4723
Let a = -42179 - -77355. List the prime factors of a.
2, 4397
Let m(g) = 6*g**2 - 45*g - 1040. List the prime factors of m(36).
2, 1279
Suppose -53*y + 90502 = -16*y. What are the prime factors of y?
2, 1223
Let g = 10 + -11. Let o be 13/2*g*4. Let y = o + 56. List the prime factors of y.
2, 3, 5
Let a(b) = -8*b - 61. Let o be a(-7). Let p(m) = -m**3 + 2*m**2 + 7*m + 2. What are the prime factors of p(o)?
2, 71
Let u(j) = -j - 1 - 70*j - 1 + 33*j. Let a be u(-15). Suppose 2*d = 6*d - a. What are the prime factors of d?
2, 71
Let u be -23 + -3 + 16 - (0 + -5). Let f(w) = -136*w + 8. What are the prime factors of f(u)?
2, 43
Let k = 332 - 85. Let s be -1 + k/2 + 3/(-6). Let f = s + -19. List the prime factors of f.
103
Let b = -16289 + 22985. List the prime factors of b.
2, 3, 31
Suppose 0 = -5*v - 5, 101193 = 4*x + 4*v + 36041. What are the prime factors of x?
7, 13, 179
Let j(q) = -4*q + 1. Suppose 0*h - i = -2*h + 114, 3*i = -2*h + 98. Let o = h + -62. List the prime factors of j(o).
29
Suppose b + 3*q = 14, 3*b + 3*q = -b + 20. Suppose 0 = -b*x + 5*x - 456. Suppose -x = -4*v + 44. What are the prime factors of v?
7
Let s(c) = -c**2 + 25*c - 43. Let k(b) = -24*b**2 + 5*b + 0 - 30*b + 18 + 0 + b**3. Let q be k(25). List the prime factors of s(q).
83
Let m(j) = j**2 + 128*j + 4*j**3 - 129*j + 2*j**2 + 5. What are the prime factors of m(4)?
5, 61
Suppose 15925 + 5356 = 4*u - 11103. List the prime factors of u.
2, 11, 23
Suppose -221*l + 119*l - 197540 = -119*l. What are the prime factors of l?
2, 5, 7, 83
Let f be (-1152 - 6)/(3/12 + -1). Suppose -8*j + 2*a - f = -10*j, -3097 = -4*j - a. Suppose -j = -5*t + 4*m + m, -t = 2*m - 164. List the prime factors of t.
2, 79
Let b(r) = 105*r**3 - 2*r**2 + 2*r - 1. Suppose 13 = 7*g - 15. Suppose 0 = v + 5*c - 21, -g*c + 2*c = 3*v - 11. What are the prime factors of b(v)?
2, 13
Suppose 0 = 360*n - 390*n + 266850. List the prime factors of n.
3, 5, 593
Let v(o) = 2*o - 23. Let m be v(13). Suppose 3*l = -m*l + 12. Suppose 3*f = -5*a + 428, a - 129 = l*f - 436. List the prime factors of f.
151
Let o(f) be the third derivative of -23*f**4/24 + f**3/2 - f**2. Suppose -5*t - 5*t - 265 = -235. What are the prime factors of o(t)?
2, 3
Let w = 23911 - 11341. What are the prime factors of w?
2, 3, 5, 419
Let j = 22 + -19. Suppose 6*p - q - 135 = 3*p, 2*q - 135 = -j*p. Let h = p - -10. What are the prime factors of h?
5, 11
Suppose 29*j - 246506 + 87009 - 294933 = 0. What are the prime factors of j?
2, 5, 1567
Let h be (-2)/(21/(-30) - 3/(-15)). Suppose 3*i + 3*o - h*o = 70, 68 = 4*i + 5*o. Let u = i + 78. What are the prime factors of u?
2, 5
Suppose -714*u - 396518 - 171022 = -759*u. List the prime factors of u.
2, 3, 1051
Let i = -11634 + 25301. What are the prime factors of i?
79, 173
Suppose -4*z - r + 79 = -3*z, 104 = z - 4*r. Suppose -z*s = -74*s - 6330. List the prime factors of s.
3, 211
Suppose 420 = -217*v + 112*v. Let q = -17 + -31. List the prime factors of q/(-32) - (2/v + -1).
3
Suppose 0 = 4*f, f = 2*x + 8*f - 10*f - 24544. What are the prime factors of x?
2, 13, 59
Let k(l) = 117*l**3 - 2*l**2 + 3*l - 3. Let q be k(2). Suppose 6*u - q = 1427. What are the prime factors of u?
3, 131
Let p(t) = 8*t**2 - 58*t + 168. What are the prime factors of p(38)?
2, 3, 13, 61
Let v = -56 - -70. Suppose -2*k = 3*a + v - 450, 0 = 3*k + 4*a - 652. Suppose 43 = 3*b - k. What are the prime factors of b?
5, 17
What are the prime factors of 3 - (-516290)/50*5?
2, 7, 461
Let x(f) = -167*f**3 + f**2 - f + 16. Let g(h) = -h**3 - h + 2. Let l(z) = -6*g(z) + x(z). List the prime factors of l(-1).
7, 23
Let j(r) = 484*r + 787. What are the prime factors of j(11)?
3, 7, 97
Let a(i) = 14*i + 134. Let x be a(-23). Let v = 229 - x. List the prime factors of v.
3, 139
Suppose 0 = 1569*u - 1590*u + 76230. What are the prime factors of u?
2, 3, 5, 11
Let z(f) = -f - 1. Suppose -5*d - 4*s = -2, -5*s + 4*s = -3. Let j(w) = -5*w + 1. Let g(h) = d*z(h) - j(h). What are the prime factors of g(11)?
2, 3, 13
Suppose -8*l - 261 = -797. Suppose l = -6*s + 5*s. Let x = s + 75. What are the prime factors of x?
2
Let t(i) = -i**2 - 9*i + 882. Let r be 7 + -2 - (-1 - 7 - -13). List the prime factors of t(r).
2, 3, 7
Suppose -5*f = w - 32, 3*f + 27 = 6*f - 2*w. Suppose -10*k + 276 = -f*k. Let l = 183 - k. List the prime factors of l.
7, 13
Suppose s - 3 = -0*s. Suppose 30*y + 7 = 29*y + 4*t, 5*y = -5*t - 10. List the prime factors of y + s + (-724)/(3 - 7).
181
Let h(c) = 106*c + 46. Suppose 7*v = 3*v + t + 8, -5*t = -20. What are the prime factors of h(v)?
2, 7, 13
Suppose -15 = -3*z, -102*g = -103*g - 2*z + 5908. List the prime factors of g.
2, 3, 983
Let s be ((-20)/(-12))/((-2)/(-6)). Suppose 0 = 2*v - 4*v - 5*b + 685, -s*v - 2*b = -1660. Suppose -6*n + n = -v. What are the prime factors of n?
2, 3, 11
Suppose 0 = 1031*h - 1068*h + 94794. What are the prime factors of h?
2, 3, 7, 61
List the prime factors of ((-2398)/484*-11)/(1/428).
2, 107, 109
Let x be 91/(-6) + 4/(-2 + 26). Let f = 17 - x. List the prime factors of f.
2
Suppose 5*y + 6 + 4 = 0. Let w(f) = -4*f**3 - 3*f**2 - 5*f - 3. Let m be w(y). Suppose -139 = -2*s - m. What are the prime factors of s?
2, 7
Let j be (-438)/(-365) + (-4096)/5. Let v = -439 - j. What are the prime factors of v?
379
Suppose -5*k + 5*u + 46680 = 0, 1225*k - 1220*k - 2*u = 46668. List the prime factors of k.
2, 2333
Let m = 88 + -82. Suppose 3*p + 3*a - 2289 = 0, m*a - a = 5*p - 3825. What are the prime factors of p?
2, 191
Let o = -308 + 275. List the prime factors of -39*o/(-2)*(-24)/108.
11, 13
Suppose -3*q = 5*h + 2*q - 20, 0 = q. Suppose -9 + 25 = h*j. Suppose 10 = 2*z, -5*b + 395 = 2*z - j*z. List the prime factors of b.
3
Let d be (-10 + 6 + 6)*2/(-4). Let s(h) = -875*h + 36. List the prime factors of s(d).
911
Let c = -216 + 1756. Suppose c = -212*i + 217*i. List the prime factors of i.
2, 7, 11
Let m(d) = -46631*d + 74. List the prime factors of m(-1).
5, 9341
Let z = 81 - -3031. What are the prime factors of z?
2,